{"id":20509,"date":"2024-01-31T11:56:33","date_gmt":"2024-01-31T10:56:33","guid":{"rendered":"https:\/\/interreg-sudoe.eu\/las-autoridades-nacionales-del-sudoe\/"},"modified":"2024-03-26T09:19:22","modified_gmt":"2024-03-26T08:19:22","slug":"las-autoridades-nacionales-del-sudoe","status":"publish","type":"page","link":"https:\/\/interreg-sudoe.eu\/fr\/las-autoridades-nacionales-del-sudoe\/","title":{"rendered":"Les Autorit\u00e9s nationales du Sudoe"},"content":{"rendered":"\t\t<div data-elementor-type=\"wp-page\" data-elementor-id=\"20509\" class=\"elementor elementor-20509 elementor-9620\" data-elementor-post-type=\"page\">\n\t\t\t\t<div class=\"elementor-element elementor-element-1d9422e e-con-full e-flex e-con e-parent\" data-id=\"1d9422e\" data-element_type=\"container\" data-e-type=\"container\" data-settings=\"{&quot;jet_parallax_layout_list&quot;:[]}\">\n\t\t\t\t<div class=\"elementor-element elementor-element-fa84ae1 elementor-widget elementor-widget-heading\" data-id=\"fa84ae1\" data-element_type=\"widget\" data-e-type=\"widget\" data-widget_type=\"heading.default\">\n\t\t\t\t\t<h1 class=\"elementor-heading-title elementor-size-default\">Les Autorit\u00e9s nationales du Sudoe<\/h1>\t\t\t\t<\/div>\n\t\t\t\t<\/div>\n\t\t<div class=\"elementor-element elementor-element-e67d4fe e-con-full e-flex e-con e-parent\" data-id=\"e67d4fe\" data-element_type=\"container\" data-e-type=\"container\" data-settings=\"{&quot;jet_parallax_layout_list&quot;:[]}\">\n\t\t\t\t<div class=\"elementor-element elementor-element-105a3c7 elementor-widget elementor-widget-text-editor\" data-id=\"105a3c7\" data-element_type=\"widget\" data-e-type=\"widget\" data-widget_type=\"text-editor.default\">\n\t\t\t\t\t\t\t\t\t<p>Savez-vous quels \u00c9tats font partie du programme ?<\/p>\n\t\t\t\t\t\t\t\t<\/div>\n\t\t\t\t<div class=\"elementor-element elementor-element-0265f09 elementor-widget elementor-widget-text-editor\" data-id=\"0265f09\" data-element_type=\"widget\" data-e-type=\"widget\" data-widget_type=\"text-editor.default\">\n\t\t\t\t\t\t\t\t\t<p>Cette section vous permettra de conna\u00eetre les autorit\u00e9s nationales Sudoe, leurs fonctions, le r\u00f4le qu&rsquo;elles jouent et les derni\u00e8res nouvelles de chaque \u00c9tat.<\/p>\n\t\t\t\t\t\t\t\t<\/div>\n\t\t\t\t<\/div>\n\t\t<div class=\"elementor-element elementor-element-7e58dc6 e-con-full e-flex e-con e-parent\" data-id=\"7e58dc6\" data-element_type=\"container\" data-e-type=\"container\" data-settings=\"{&quot;jet_parallax_layout_list&quot;:[]}\">\n\t\t\t\t<\/div>\n\t\t\t\t<\/div>\n\t\t","protected":false},"excerpt":{"rendered":"<p>Les Autorit\u00e9s nationales du Sudoe Savez-vous quels \u00c9tats font partie du programme ? Cette section vous permettra de conna\u00eetre les autorit\u00e9s nationales Sudoe, leurs fonctions, le r\u00f4le qu&rsquo;elles jouent et les derni\u00e8res nouvelles de chaque \u00c9tat.<\/p>\n","protected":false},"author":1,"featured_media":0,"parent":0,"menu_order":0,"comment_status":"closed","ping_status":"closed","template":"","meta":{"_acf_changed":false,"content-type":"","_monsterinsights_skip_tracking":false,"_monsterinsights_sitenote_active":false,"_monsterinsights_sitenote_note":"","_monsterinsights_sitenote_category":0,"footnotes":""},"class_list":["post-20509","page","type-page","status-publish","hentry"],"acf":[],"yoast_head":"<!-- This site is optimized with the Yoast SEO plugin v27.4 - https:\/\/yoast.com\/product\/yoast-seo-wordpress\/ -->\n<title>Les Autorit\u00e9s nationales du Sudoe - Interreg Sudoe<\/title>\n<meta name=\"robots\" content=\"index, follow, max-snippet:-1, max-image-preview:large, max-video-preview:-1\" \/>\n<link rel=\"canonical\" href=\"https:\/\/interreg-sudoe.eu\/fr\/las-autoridades-nacionales-del-sudoe\/\" \/>\n<meta property=\"og:locale\" content=\"fr_FR\" \/>\n<meta property=\"og:type\" content=\"article\" \/>\n<meta property=\"og:title\" content=\"Les Autorit\u00e9s nationales du Sudoe - Interreg Sudoe\" \/>\n<meta property=\"og:description\" content=\"Les Autorit\u00e9s nationales du Sudoe Savez-vous quels \u00c9tats font partie du programme ? Cette section vous permettra de conna\u00eetre les autorit\u00e9s nationales Sudoe, leurs fonctions, le r\u00f4le qu&rsquo;elles jouent et les derni\u00e8res nouvelles de chaque \u00c9tat.\" \/>\n<meta property=\"og:url\" content=\"https:\/\/interreg-sudoe.eu\/fr\/las-autoridades-nacionales-del-sudoe\/\" \/>\n<meta property=\"og:site_name\" content=\"Interreg Sudoe\" \/>\n<meta property=\"article:publisher\" content=\"https:\/\/www.facebook.com\/interregsudoe\" \/>\n<meta property=\"article:modified_time\" content=\"2024-03-26T08:19:22+00:00\" \/>\n<meta property=\"og:image\" content=\"https:\/\/interreg-sudoe.eu\/wp-content\/uploads\/2024\/03\/download.png\" \/>\n\t<meta property=\"og:image:width\" content=\"344\" \/>\n\t<meta property=\"og:image:height\" content=\"147\" \/>\n\t<meta property=\"og:image:type\" content=\"image\/png\" \/>\n<meta name=\"twitter:card\" content=\"summary_large_image\" \/>\n<meta name=\"twitter:site\" content=\"@Sudoe5\" \/>\n<script type=\"application\/ld+json\" class=\"yoast-schema-graph\">{\"@context\":\"https:\\\/\\\/schema.org\",\"@graph\":[{\"@type\":\"WebPage\",\"@id\":\"https:\\\/\\\/interreg-sudoe.eu\\\/fr\\\/las-autoridades-nacionales-del-sudoe\\\/\",\"url\":\"https:\\\/\\\/interreg-sudoe.eu\\\/fr\\\/las-autoridades-nacionales-del-sudoe\\\/\",\"name\":\"Les Autorit\u00e9s nationales du Sudoe - Interreg Sudoe\",\"isPartOf\":{\"@id\":\"https:\\\/\\\/interreg-sudoe.eu\\\/fr\\\/#website\"},\"datePublished\":\"2024-01-31T10:56:33+00:00\",\"dateModified\":\"2024-03-26T08:19:22+00:00\",\"breadcrumb\":{\"@id\":\"https:\\\/\\\/interreg-sudoe.eu\\\/fr\\\/las-autoridades-nacionales-del-sudoe\\\/#breadcrumb\"},\"inLanguage\":\"fr-FR\",\"potentialAction\":[{\"@type\":\"ReadAction\",\"target\":[\"https:\\\/\\\/interreg-sudoe.eu\\\/fr\\\/las-autoridades-nacionales-del-sudoe\\\/\"]}]},{\"@type\":\"BreadcrumbList\",\"@id\":\"https:\\\/\\\/interreg-sudoe.eu\\\/fr\\\/las-autoridades-nacionales-del-sudoe\\\/#breadcrumb\",\"itemListElement\":[{\"@type\":\"ListItem\",\"position\":1,\"name\":\"Home\",\"item\":\"https:\\\/\\\/interreg-sudoe.eu\\\/fr\\\/\"},{\"@type\":\"ListItem\",\"position\":2,\"name\":\"Les Autorit\u00e9s nationales du Sudoe\"}]},{\"@type\":\"WebSite\",\"@id\":\"https:\\\/\\\/interreg-sudoe.eu\\\/fr\\\/#website\",\"url\":\"https:\\\/\\\/interreg-sudoe.eu\\\/fr\\\/\",\"name\":\"Interreg Sudoe\",\"description\":\"Interreg Sudoe\",\"publisher\":{\"@id\":\"https:\\\/\\\/interreg-sudoe.eu\\\/fr\\\/#organization\"},\"alternateName\":\"Interreg Sudoe\",\"potentialAction\":[{\"@type\":\"SearchAction\",\"target\":{\"@type\":\"EntryPoint\",\"urlTemplate\":\"https:\\\/\\\/interreg-sudoe.eu\\\/fr\\\/?s={search_term_string}\"},\"query-input\":{\"@type\":\"PropertyValueSpecification\",\"valueRequired\":true,\"valueName\":\"search_term_string\"}}],\"inLanguage\":\"fr-FR\"},{\"@type\":\"Organization\",\"@id\":\"https:\\\/\\\/interreg-sudoe.eu\\\/fr\\\/#organization\",\"name\":\"Interreg Sudoe\",\"alternateName\":\"Interreg Sudoe\",\"url\":\"https:\\\/\\\/interreg-sudoe.eu\\\/fr\\\/\",\"logo\":{\"@type\":\"ImageObject\",\"inLanguage\":\"fr-FR\",\"@id\":\"https:\\\/\\\/interreg-sudoe.eu\\\/fr\\\/#\\\/schema\\\/logo\\\/image\\\/\",\"url\":\"https:\\\/\\\/interreg-sudoe.eu\\\/wp-content\\\/uploads\\\/2024\\\/03\\\/logo-interreg.png\",\"contentUrl\":\"https:\\\/\\\/interreg-sudoe.eu\\\/wp-content\\\/uploads\\\/2024\\\/03\\\/logo-interreg.png\",\"width\":1200,\"height\":675,\"caption\":\"Interreg Sudoe\"},\"image\":{\"@id\":\"https:\\\/\\\/interreg-sudoe.eu\\\/fr\\\/#\\\/schema\\\/logo\\\/image\\\/\"},\"sameAs\":[\"https:\\\/\\\/www.facebook.com\\\/interregsudoe\",\"https:\\\/\\\/x.com\\\/Sudoe5\",\"https:\\\/\\\/www.youtube.com\\\/channel\\\/UCeGx2edoB32beRc9dbKA2vw\",\"https:\\\/\\\/www.linkedin.com\\\/company\\\/interreg-sudoe-programme\\\/\",\"https:\\\/\\\/www.flickr.com\\\/photos\\\/148704685@N06\\\/\"]}]}<\/script>\n<!-- \/ Yoast SEO plugin. -->","yoast_head_json":{"title":"Les Autorit\u00e9s nationales du Sudoe - Interreg Sudoe","robots":{"index":"index","follow":"follow","max-snippet":"max-snippet:-1","max-image-preview":"max-image-preview:large","max-video-preview":"max-video-preview:-1"},"canonical":"https:\/\/interreg-sudoe.eu\/fr\/las-autoridades-nacionales-del-sudoe\/","og_locale":"fr_FR","og_type":"article","og_title":"Les Autorit\u00e9s nationales du Sudoe - Interreg Sudoe","og_description":"Les Autorit\u00e9s nationales du Sudoe Savez-vous quels \u00c9tats font partie du programme ? Cette section vous permettra de conna\u00eetre les autorit\u00e9s nationales Sudoe, leurs fonctions, le r\u00f4le qu&rsquo;elles jouent et les derni\u00e8res nouvelles de chaque \u00c9tat.","og_url":"https:\/\/interreg-sudoe.eu\/fr\/las-autoridades-nacionales-del-sudoe\/","og_site_name":"Interreg Sudoe","article_publisher":"https:\/\/www.facebook.com\/interregsudoe","article_modified_time":"2024-03-26T08:19:22+00:00","og_image":[{"width":344,"height":147,"url":"https:\/\/interreg-sudoe.eu\/wp-content\/uploads\/2024\/03\/download.png","type":"image\/png"}],"twitter_card":"summary_large_image","twitter_site":"@Sudoe5","schema":{"@context":"https:\/\/schema.org","@graph":[{"@type":"WebPage","@id":"https:\/\/interreg-sudoe.eu\/fr\/las-autoridades-nacionales-del-sudoe\/","url":"https:\/\/interreg-sudoe.eu\/fr\/las-autoridades-nacionales-del-sudoe\/","name":"Les Autorit\u00e9s nationales du Sudoe - Interreg Sudoe","isPartOf":{"@id":"https:\/\/interreg-sudoe.eu\/fr\/#website"},"datePublished":"2024-01-31T10:56:33+00:00","dateModified":"2024-03-26T08:19:22+00:00","breadcrumb":{"@id":"https:\/\/interreg-sudoe.eu\/fr\/las-autoridades-nacionales-del-sudoe\/#breadcrumb"},"inLanguage":"fr-FR","potentialAction":[{"@type":"ReadAction","target":["https:\/\/interreg-sudoe.eu\/fr\/las-autoridades-nacionales-del-sudoe\/"]}]},{"@type":"BreadcrumbList","@id":"https:\/\/interreg-sudoe.eu\/fr\/las-autoridades-nacionales-del-sudoe\/#breadcrumb","itemListElement":[{"@type":"ListItem","position":1,"name":"Home","item":"https:\/\/interreg-sudoe.eu\/fr\/"},{"@type":"ListItem","position":2,"name":"Les Autorit\u00e9s nationales du Sudoe"}]},{"@type":"WebSite","@id":"https:\/\/interreg-sudoe.eu\/fr\/#website","url":"https:\/\/interreg-sudoe.eu\/fr\/","name":"Interreg Sudoe","description":"Interreg Sudoe","publisher":{"@id":"https:\/\/interreg-sudoe.eu\/fr\/#organization"},"alternateName":"Interreg Sudoe","potentialAction":[{"@type":"SearchAction","target":{"@type":"EntryPoint","urlTemplate":"https:\/\/interreg-sudoe.eu\/fr\/?s={search_term_string}"},"query-input":{"@type":"PropertyValueSpecification","valueRequired":true,"valueName":"search_term_string"}}],"inLanguage":"fr-FR"},{"@type":"Organization","@id":"https:\/\/interreg-sudoe.eu\/fr\/#organization","name":"Interreg Sudoe","alternateName":"Interreg Sudoe","url":"https:\/\/interreg-sudoe.eu\/fr\/","logo":{"@type":"ImageObject","inLanguage":"fr-FR","@id":"https:\/\/interreg-sudoe.eu\/fr\/#\/schema\/logo\/image\/","url":"https:\/\/interreg-sudoe.eu\/wp-content\/uploads\/2024\/03\/logo-interreg.png","contentUrl":"https:\/\/interreg-sudoe.eu\/wp-content\/uploads\/2024\/03\/logo-interreg.png","width":1200,"height":675,"caption":"Interreg Sudoe"},"image":{"@id":"https:\/\/interreg-sudoe.eu\/fr\/#\/schema\/logo\/image\/"},"sameAs":["https:\/\/www.facebook.com\/interregsudoe","https:\/\/x.com\/Sudoe5","https:\/\/www.youtube.com\/channel\/UCeGx2edoB32beRc9dbKA2vw","https:\/\/www.linkedin.com\/company\/interreg-sudoe-programme\/","https:\/\/www.flickr.com\/photos\/148704685@N06\/"]}]}},"_links":{"self":[{"href":"https:\/\/interreg-sudoe.eu\/fr\/wp-json\/wp\/v2\/pages\/20509","targetHints":{"allow":["GET"]}}],"collection":[{"href":"https:\/\/interreg-sudoe.eu\/fr\/wp-json\/wp\/v2\/pages"}],"about":[{"href":"https:\/\/interreg-sudoe.eu\/fr\/wp-json\/wp\/v2\/types\/page"}],"author":[{"embeddable":true,"href":"https:\/\/interreg-sudoe.eu\/fr\/wp-json\/wp\/v2\/users\/1"}],"replies":[{"embeddable":true,"href":"https:\/\/interreg-sudoe.eu\/fr\/wp-json\/wp\/v2\/comments?post=20509"}],"version-history":[{"count":0,"href":"https:\/\/interreg-sudoe.eu\/fr\/wp-json\/wp\/v2\/pages\/20509\/revisions"}],"wp:attachment":[{"href":"https:\/\/interreg-sudoe.eu\/fr\/wp-json\/wp\/v2\/media?parent=20509"}],"curies":[{"name":"wp","href":"https:\/\/api.w.org\/{rel}","templated":true}]}}

Les Autorités nationales du Sudoe

<div data-elementor-type="wp-page" data-elementor-id="20509" class="elementor elementor-20509 elementor-9620" data-elementor-post-type="page">
				<div class="elementor-element elementor-element-1d9422e e-con-full e-flex e-con e-parent" data-id="1d9422e" data-element_type="container" data-e-type="container" data-settings="{&quot;jet_parallax_layout_list&quot;:[]}">
				<div class="elementor-element elementor-element-fa84ae1 elementor-widget elementor-widget-heading" data-id="fa84ae1" data-element_type="widget" data-e-type="widget" data-widget_type="heading.default">
					<h1 class="elementor-heading-title elementor-size-default">Les Autorités nationales du Sudoe</h1>				</div>
				</div>
		<div class="elementor-element elementor-element-e67d4fe e-con-full e-flex e-con e-parent" data-id="e67d4fe" data-element_type="container" data-e-type="container" data-settings="{&quot;jet_parallax_layout_list&quot;:[]}">
				<div class="elementor-element elementor-element-105a3c7 elementor-widget elementor-widget-text-editor" data-id="105a3c7" data-element_type="widget" data-e-type="widget" data-widget_type="text-editor.default">
									<p>Savez-vous quels États font partie du programme ?</p>
								</div>
				<div class="elementor-element elementor-element-0265f09 elementor-widget elementor-widget-text-editor" data-id="0265f09" data-element_type="widget" data-e-type="widget" data-widget_type="text-editor.default">
									<p>Cette section vous permettra de connaître les autorités nationales Sudoe, leurs fonctions, le rôle qu&rsquo;elles jouent et les dernières nouvelles de chaque État.</p>
								</div>
				</div>
		<div class="elementor-element elementor-element-7e58dc6 e-con-full e-flex e-con e-parent" data-id="7e58dc6" data-element_type="container" data-e-type="container" data-settings="{&quot;jet_parallax_layout_list&quot;:[]}">
				</div>
				</div>

<p>Les Autorités nationales du Sudoe Savez-vous quels États font partie du programme ? Cette section vous permettra de connaître les autorités nationales Sudoe, leurs fonctions, le rôle qu&rsquo;elles jouent et les dernières nouvelles de chaque État.</p>

<!-- This site is optimized with the Yoast SEO plugin v27.4 - https://yoast.com/product/yoast-seo-wordpress/ -->
<title>Les Autorités nationales du Sudoe - Interreg Sudoe</title>
<meta name="robots" content="index, follow, max-snippet:-1, max-image-preview:large, max-video-preview:-1" />
<link rel="canonical" href="https://interreg-sudoe.eu/fr/las-autoridades-nacionales-del-sudoe/" />
<meta property="og:locale" content="fr_FR" />
<meta property="og:type" content="article" />
<meta property="og:title" content="Les Autorités nationales du Sudoe - Interreg Sudoe" />
<meta property="og:description" content="Les Autorités nationales du Sudoe Savez-vous quels États font partie du programme ? Cette section vous permettra de connaître les autorités nationales Sudoe, leurs fonctions, le rôle qu&rsquo;elles jouent et les dernières nouvelles de chaque État." />
<meta property="og:url" content="https://interreg-sudoe.eu/fr/las-autoridades-nacionales-del-sudoe/" />
<meta property="og:site_name" content="Interreg Sudoe" />
<meta property="article:publisher" content="https://www.facebook.com/interregsudoe" />
<meta property="article:modified_time" content="2024-03-26T08:19:22+00:00" />
<meta property="og:image" content="https://interreg-sudoe.eu/wp-content/uploads/2024/03/download.png" />
	<meta property="og:image:width" content="344" />
	<meta property="og:image:height" content="147" />
	<meta property="og:image:type" content="image/png" />
<meta name="twitter:card" content="summary_large_image" />
<meta name="twitter:site" content="@Sudoe5" />
<script type="application/ld+json" class="yoast-schema-graph">{"@context":"https:\/\/schema.org","@graph":[{"@type":"WebPage","@id":"https:\/\/interreg-sudoe.eu\/fr\/las-autoridades-nacionales-del-sudoe\/","url":"https:\/\/interreg-sudoe.eu\/fr\/las-autoridades-nacionales-del-sudoe\/","name":"Les Autorités nationales du Sudoe - Interreg Sudoe","isPartOf":{"@id":"https:\/\/interreg-sudoe.eu\/fr\/#website"},"datePublished":"2024-01-31T10:56:33+00:00","dateModified":"2024-03-26T08:19:22+00:00","breadcrumb":{"@id":"https:\/\/interreg-sudoe.eu\/fr\/las-autoridades-nacionales-del-sudoe\/#breadcrumb"},"inLanguage":"fr-FR","potentialAction":[{"@type":"ReadAction","target":["https:\/\/interreg-sudoe.eu\/fr\/las-autoridades-nacionales-del-sudoe\/"]}]},{"@type":"BreadcrumbList","@id":"https:\/\/interreg-sudoe.eu\/fr\/las-autoridades-nacionales-del-sudoe\/#breadcrumb","itemListElement":[{"@type":"ListItem","position":1,"name":"Home","item":"https:\/\/interreg-sudoe.eu\/fr\/"},{"@type":"ListItem","position":2,"name":"Les Autorités nationales du Sudoe"}]},{"@type":"WebSite","@id":"https:\/\/interreg-sudoe.eu\/fr\/#website","url":"https:\/\/interreg-sudoe.eu\/fr\/","name":"Interreg Sudoe","description":"Interreg Sudoe","publisher":{"@id":"https:\/\/interreg-sudoe.eu\/fr\/#organization"},"alternateName":"Interreg Sudoe","potentialAction":[{"@type":"SearchAction","target":{"@type":"EntryPoint","urlTemplate":"https:\/\/interreg-sudoe.eu\/fr\/?s={search_term_string}"},"query-input":{"@type":"PropertyValueSpecification","valueRequired":true,"valueName":"search_term_string"}}],"inLanguage":"fr-FR"},{"@type":"Organization","@id":"https:\/\/interreg-sudoe.eu\/fr\/#organization","name":"Interreg Sudoe","alternateName":"Interreg Sudoe","url":"https:\/\/interreg-sudoe.eu\/fr\/","logo":{"@type":"ImageObject","inLanguage":"fr-FR","@id":"https:\/\/interreg-sudoe.eu\/fr\/#\/schema\/logo\/image\/","url":"https:\/\/interreg-sudoe.eu\/wp-content\/uploads\/2024\/03\/logo-interreg.png","contentUrl":"https:\/\/interreg-sudoe.eu\/wp-content\/uploads\/2024\/03\/logo-interreg.png","width":1200,"height":675,"caption":"Interreg Sudoe"},"image":{"@id":"https:\/\/interreg-sudoe.eu\/fr\/#\/schema\/logo\/image\/"},"sameAs":["https:\/\/www.facebook.com\/interregsudoe","https:\/\/x.com\/Sudoe5","https:\/\/www.youtube.com\/channel\/UCeGx2edoB32beRc9dbKA2vw","https:\/\/www.linkedin.com\/company\/interreg-sudoe-programme\/","https:\/\/www.flickr.com\/photos\/148704685@N06\/"]}]}</script>
<!-- / Yoast SEO plugin. -->

Les Autorités nationales du Sudoe - Interreg Sudoe

Les Autorités nationales du Sudoe Savez-vous quels États font partie du programme ? Cette section vous permettra de connaître les autorités nationales Sudoe, leurs fonctions, le rôle qu&rsquo;elles jouent et les dernières nouvelles de chaque État.
