{"id":35725,"date":"2024-05-30T19:05:51","date_gmt":"2024-05-30T17:05:51","guid":{"rendered":"https:\/\/interreg-sudoe.eu\/piloto-proyecto-27\/pilote-metier-et-technologique-en-france\/"},"modified":"2026-02-19T16:18:39","modified_gmt":"2026-02-19T15:18:39","slug":"pilote-metier-et-technologique-en-france","status":"publish","type":"piloto-proyecto-27","link":"https:\/\/interreg-sudoe.eu\/fr\/piloto-proyecto-27\/pilote-metier-et-technologique-en-france\/","title":{"rendered":"Pilote m\u00e9tier et technologique en France"},"content":{"rendered":"<p>Solution industrielle globale de recyclage des d\u00e9chets textiles bas\u00e9e sur la technologie WASTEX et le partenariat avec COLEO. Ce pilote dispose de la capacit\u00e9 industrielle et organisationnelle des membres de RECYCL&rsquo;Occ Textile.<\/p>\n","protected":false},"excerpt":{"rendered":"<p>Solution industrielle globale de recyclage des d\u00e9chets textiles bas\u00e9e sur la technologie WASTEX et le partenariat avec COLEO. Ce pilote dispose de la capacit\u00e9 industrielle et organisationnelle des membres de RECYCL&rsquo;Occ Textile.<\/p>\n","protected":false},"author":4930,"featured_media":0,"template":"","meta":{"_acf_changed":false,"content-type":"","_monsterinsights_skip_tracking":false,"_monsterinsights_sitenote_active":false,"_monsterinsights_sitenote_note":"","_monsterinsights_sitenote_category":0},"convocatoria-proyecto-27":[3309],"estado-proyecto-27":[3363],"objetivo-especifico-proyecto-27":[3283],"pais-proyecto-27":[],"periodo":[3556],"prioridad-proyecto-27":[3271],"publico-objetivo":[],"region-proyecto-27":[],"tematica-proyecto-27":[],"class_list":["post-35725","piloto-proyecto-27","type-piloto-proyecto-27","status-publish","hentry","convocatoria-proyecto-27-1er-appel-a-projets","estado-proyecto-27-en-cours","objetivo-especifico-proyecto-27-os-1-4-specialisation-intelligente-transition-industrielle-esprit-dentreprise","periodo-2021-2027-fr","prioridad-proyecto-27-2-promouvoir-la-cohesion-sociale-et-lequilibre-territorial-et-demographique-du-sudoe-a-travers-linnovation-et-la-transformation-des-secteurs-productifs"],"acf":[],"yoast_head":"<!-- This site is optimized with the Yoast SEO plugin v27.2 - https:\/\/yoast.com\/product\/yoast-seo-wordpress\/ -->\n<title>Pilote m\u00e9tier et technologique en France - Interreg Sudoe<\/title>\n<meta name=\"robots\" content=\"index, follow, max-snippet:-1, max-image-preview:large, max-video-preview:-1\" \/>\n<link rel=\"canonical\" href=\"https:\/\/interreg-sudoe.eu\/fr\/piloto-proyecto-27\/pilote-metier-et-technologique-en-france\/\" \/>\n<meta property=\"og:locale\" content=\"fr_FR\" \/>\n<meta property=\"og:type\" content=\"article\" \/>\n<meta property=\"og:title\" content=\"Pilote m\u00e9tier et technologique en France - Interreg Sudoe\" \/>\n<meta property=\"og:description\" content=\"Solution industrielle globale de recyclage des d\u00e9chets textiles bas\u00e9e sur la technologie WASTEX et le partenariat avec COLEO. Ce pilote dispose de la capacit\u00e9 industrielle et organisationnelle des membres de RECYCL&#039;Occ Textile.\" \/>\n<meta property=\"og:url\" content=\"https:\/\/interreg-sudoe.eu\/fr\/piloto-proyecto-27\/pilote-metier-et-technologique-en-france\/\" \/>\n<meta property=\"og:site_name\" content=\"Interreg Sudoe\" \/>\n<meta property=\"article:publisher\" content=\"https:\/\/www.facebook.com\/interregsudoe\" \/>\n<meta property=\"article:modified_time\" content=\"2026-02-19T15:18:39+00:00\" \/>\n<meta property=\"og:image\" content=\"https:\/\/interreg-sudoe.eu\/wp-content\/uploads\/2024\/03\/download.png\" \/>\n\t<meta property=\"og:image:width\" content=\"344\" \/>\n\t<meta property=\"og:image:height\" content=\"147\" \/>\n\t<meta property=\"og:image:type\" content=\"image\/png\" \/>\n<meta name=\"twitter:card\" content=\"summary_large_image\" \/>\n<meta name=\"twitter:site\" content=\"@Sudoe5\" \/>\n<script type=\"application\/ld+json\" class=\"yoast-schema-graph\">{\"@context\":\"https:\/\/schema.org\",\"@graph\":[{\"@type\":\"WebPage\",\"@id\":\"https:\/\/interreg-sudoe.eu\/fr\/piloto-proyecto-27\/pilote-metier-et-technologique-en-france\/\",\"url\":\"https:\/\/interreg-sudoe.eu\/fr\/piloto-proyecto-27\/pilote-metier-et-technologique-en-france\/\",\"name\":\"Pilote m\u00e9tier et technologique en France - Interreg Sudoe\",\"isPartOf\":{\"@id\":\"https:\/\/interreg-sudoe.eu\/fr\/#website\"},\"datePublished\":\"2024-05-30T17:05:51+00:00\",\"dateModified\":\"2026-02-19T15:18:39+00:00\",\"breadcrumb\":{\"@id\":\"https:\/\/interreg-sudoe.eu\/fr\/piloto-proyecto-27\/pilote-metier-et-technologique-en-france\/#breadcrumb\"},\"inLanguage\":\"fr-FR\",\"potentialAction\":[{\"@type\":\"ReadAction\",\"target\":[\"https:\/\/interreg-sudoe.eu\/fr\/piloto-proyecto-27\/pilote-metier-et-technologique-en-france\/\"]}]},{\"@type\":\"BreadcrumbList\",\"@id\":\"https:\/\/interreg-sudoe.eu\/fr\/piloto-proyecto-27\/pilote-metier-et-technologique-en-france\/#breadcrumb\",\"itemListElement\":[{\"@type\":\"ListItem\",\"position\":1,\"name\":\"Home\",\"item\":\"https:\/\/interreg-sudoe.eu\/fr\/\"},{\"@type\":\"ListItem\",\"position\":2,\"name\":\"Pilote m\u00e9tier et technologique en France\"}]},{\"@type\":\"WebSite\",\"@id\":\"https:\/\/interreg-sudoe.eu\/fr\/#website\",\"url\":\"https:\/\/interreg-sudoe.eu\/fr\/\",\"name\":\"Interreg Sudoe\",\"description\":\"Interreg Sudoe\",\"publisher\":{\"@id\":\"https:\/\/interreg-sudoe.eu\/fr\/#organization\"},\"alternateName\":\"Interreg Sudoe\",\"potentialAction\":[{\"@type\":\"SearchAction\",\"target\":{\"@type\":\"EntryPoint\",\"urlTemplate\":\"https:\/\/interreg-sudoe.eu\/fr\/?s={search_term_string}\"},\"query-input\":{\"@type\":\"PropertyValueSpecification\",\"valueRequired\":true,\"valueName\":\"search_term_string\"}}],\"inLanguage\":\"fr-FR\"},{\"@type\":\"Organization\",\"@id\":\"https:\/\/interreg-sudoe.eu\/fr\/#organization\",\"name\":\"Interreg Sudoe\",\"alternateName\":\"Interreg Sudoe\",\"url\":\"https:\/\/interreg-sudoe.eu\/fr\/\",\"logo\":{\"@type\":\"ImageObject\",\"inLanguage\":\"fr-FR\",\"@id\":\"https:\/\/interreg-sudoe.eu\/fr\/#\/schema\/logo\/image\/\",\"url\":\"https:\/\/interreg-sudoe.eu\/wp-content\/uploads\/2024\/03\/logo-interreg.png\",\"contentUrl\":\"https:\/\/interreg-sudoe.eu\/wp-content\/uploads\/2024\/03\/logo-interreg.png\",\"width\":1200,\"height\":675,\"caption\":\"Interreg Sudoe\"},\"image\":{\"@id\":\"https:\/\/interreg-sudoe.eu\/fr\/#\/schema\/logo\/image\/\"},\"sameAs\":[\"https:\/\/www.facebook.com\/interregsudoe\",\"https:\/\/x.com\/Sudoe5\",\"https:\/\/www.youtube.com\/channel\/UCeGx2edoB32beRc9dbKA2vw\",\"https:\/\/www.linkedin.com\/company\/interreg-sudoe-programme\/\",\"https:\/\/www.flickr.com\/photos\/148704685@N06\/\"]}]}<\/script>\n<!-- \/ Yoast SEO plugin. -->","yoast_head_json":{"title":"Pilote m\u00e9tier et technologique en France - Interreg Sudoe","robots":{"index":"index","follow":"follow","max-snippet":"max-snippet:-1","max-image-preview":"max-image-preview:large","max-video-preview":"max-video-preview:-1"},"canonical":"https:\/\/interreg-sudoe.eu\/fr\/piloto-proyecto-27\/pilote-metier-et-technologique-en-france\/","og_locale":"fr_FR","og_type":"article","og_title":"Pilote m\u00e9tier et technologique en France - Interreg Sudoe","og_description":"Solution industrielle globale de recyclage des d\u00e9chets textiles bas\u00e9e sur la technologie WASTEX et le partenariat avec COLEO. Ce pilote dispose de la capacit\u00e9 industrielle et organisationnelle des membres de RECYCL'Occ Textile.","og_url":"https:\/\/interreg-sudoe.eu\/fr\/piloto-proyecto-27\/pilote-metier-et-technologique-en-france\/","og_site_name":"Interreg Sudoe","article_publisher":"https:\/\/www.facebook.com\/interregsudoe","article_modified_time":"2026-02-19T15:18:39+00:00","og_image":[{"width":344,"height":147,"url":"https:\/\/interreg-sudoe.eu\/wp-content\/uploads\/2024\/03\/download.png","type":"image\/png"}],"twitter_card":"summary_large_image","twitter_site":"@Sudoe5","schema":{"@context":"https:\/\/schema.org","@graph":[{"@type":"WebPage","@id":"https:\/\/interreg-sudoe.eu\/fr\/piloto-proyecto-27\/pilote-metier-et-technologique-en-france\/","url":"https:\/\/interreg-sudoe.eu\/fr\/piloto-proyecto-27\/pilote-metier-et-technologique-en-france\/","name":"Pilote m\u00e9tier et technologique en France - Interreg Sudoe","isPartOf":{"@id":"https:\/\/interreg-sudoe.eu\/fr\/#website"},"datePublished":"2024-05-30T17:05:51+00:00","dateModified":"2026-02-19T15:18:39+00:00","breadcrumb":{"@id":"https:\/\/interreg-sudoe.eu\/fr\/piloto-proyecto-27\/pilote-metier-et-technologique-en-france\/#breadcrumb"},"inLanguage":"fr-FR","potentialAction":[{"@type":"ReadAction","target":["https:\/\/interreg-sudoe.eu\/fr\/piloto-proyecto-27\/pilote-metier-et-technologique-en-france\/"]}]},{"@type":"BreadcrumbList","@id":"https:\/\/interreg-sudoe.eu\/fr\/piloto-proyecto-27\/pilote-metier-et-technologique-en-france\/#breadcrumb","itemListElement":[{"@type":"ListItem","position":1,"name":"Home","item":"https:\/\/interreg-sudoe.eu\/fr\/"},{"@type":"ListItem","position":2,"name":"Pilote m\u00e9tier et technologique en France"}]},{"@type":"WebSite","@id":"https:\/\/interreg-sudoe.eu\/fr\/#website","url":"https:\/\/interreg-sudoe.eu\/fr\/","name":"Interreg Sudoe","description":"Interreg Sudoe","publisher":{"@id":"https:\/\/interreg-sudoe.eu\/fr\/#organization"},"alternateName":"Interreg Sudoe","potentialAction":[{"@type":"SearchAction","target":{"@type":"EntryPoint","urlTemplate":"https:\/\/interreg-sudoe.eu\/fr\/?s={search_term_string}"},"query-input":{"@type":"PropertyValueSpecification","valueRequired":true,"valueName":"search_term_string"}}],"inLanguage":"fr-FR"},{"@type":"Organization","@id":"https:\/\/interreg-sudoe.eu\/fr\/#organization","name":"Interreg Sudoe","alternateName":"Interreg Sudoe","url":"https:\/\/interreg-sudoe.eu\/fr\/","logo":{"@type":"ImageObject","inLanguage":"fr-FR","@id":"https:\/\/interreg-sudoe.eu\/fr\/#\/schema\/logo\/image\/","url":"https:\/\/interreg-sudoe.eu\/wp-content\/uploads\/2024\/03\/logo-interreg.png","contentUrl":"https:\/\/interreg-sudoe.eu\/wp-content\/uploads\/2024\/03\/logo-interreg.png","width":1200,"height":675,"caption":"Interreg Sudoe"},"image":{"@id":"https:\/\/interreg-sudoe.eu\/fr\/#\/schema\/logo\/image\/"},"sameAs":["https:\/\/www.facebook.com\/interregsudoe","https:\/\/x.com\/Sudoe5","https:\/\/www.youtube.com\/channel\/UCeGx2edoB32beRc9dbKA2vw","https:\/\/www.linkedin.com\/company\/interreg-sudoe-programme\/","https:\/\/www.flickr.com\/photos\/148704685@N06\/"]}]}},"_links":{"self":[{"href":"https:\/\/interreg-sudoe.eu\/fr\/wp-json\/wp\/v2\/piloto-proyecto-27\/35725","targetHints":{"allow":["GET"]}}],"collection":[{"href":"https:\/\/interreg-sudoe.eu\/fr\/wp-json\/wp\/v2\/piloto-proyecto-27"}],"about":[{"href":"https:\/\/interreg-sudoe.eu\/fr\/wp-json\/wp\/v2\/types\/piloto-proyecto-27"}],"author":[{"embeddable":true,"href":"https:\/\/interreg-sudoe.eu\/fr\/wp-json\/wp\/v2\/users\/4930"}],"wp:attachment":[{"href":"https:\/\/interreg-sudoe.eu\/fr\/wp-json\/wp\/v2\/media?parent=35725"}],"wp:term":[{"taxonomy":"convocatoria-proyecto-27","embeddable":true,"href":"https:\/\/interreg-sudoe.eu\/fr\/wp-json\/wp\/v2\/convocatoria-proyecto-27?post=35725"},{"taxonomy":"estado-proyecto-27","embeddable":true,"href":"https:\/\/interreg-sudoe.eu\/fr\/wp-json\/wp\/v2\/estado-proyecto-27?post=35725"},{"taxonomy":"objetivo-especifico-proyecto-27","embeddable":true,"href":"https:\/\/interreg-sudoe.eu\/fr\/wp-json\/wp\/v2\/objetivo-especifico-proyecto-27?post=35725"},{"taxonomy":"pais-proyecto-27","embeddable":true,"href":"https:\/\/interreg-sudoe.eu\/fr\/wp-json\/wp\/v2\/pais-proyecto-27?post=35725"},{"taxonomy":"periodo","embeddable":true,"href":"https:\/\/interreg-sudoe.eu\/fr\/wp-json\/wp\/v2\/periodo?post=35725"},{"taxonomy":"prioridad-proyecto-27","embeddable":true,"href":"https:\/\/interreg-sudoe.eu\/fr\/wp-json\/wp\/v2\/prioridad-proyecto-27?post=35725"},{"taxonomy":"publico-objetivo","embeddable":true,"href":"https:\/\/interreg-sudoe.eu\/fr\/wp-json\/wp\/v2\/publico-objetivo?post=35725"},{"taxonomy":"region-proyecto-27","embeddable":true,"href":"https:\/\/interreg-sudoe.eu\/fr\/wp-json\/wp\/v2\/region-proyecto-27?post=35725"},{"taxonomy":"tematica-proyecto-27","embeddable":true,"href":"https:\/\/interreg-sudoe.eu\/fr\/wp-json\/wp\/v2\/tematica-proyecto-27?post=35725"}],"curies":[{"name":"wp","href":"https:\/\/api.w.org\/{rel}","templated":true}]}}

Pilote métier et technologique en France

<p>Solution industrielle globale de recyclage des déchets textiles basée sur la technologie WASTEX et le partenariat avec COLEO. Ce pilote dispose de la capacité industrielle et organisationnelle des membres de RECYCL&rsquo;Occ Textile.</p>

<!-- This site is optimized with the Yoast SEO plugin v27.2 - https://yoast.com/product/yoast-seo-wordpress/ -->
<title>Pilote métier et technologique en France - Interreg Sudoe</title>
<meta name="robots" content="index, follow, max-snippet:-1, max-image-preview:large, max-video-preview:-1" />
<link rel="canonical" href="https://interreg-sudoe.eu/fr/piloto-proyecto-27/pilote-metier-et-technologique-en-france/" />
<meta property="og:locale" content="fr_FR" />
<meta property="og:type" content="article" />
<meta property="og:title" content="Pilote métier et technologique en France - Interreg Sudoe" />
<meta property="og:description" content="Solution industrielle globale de recyclage des déchets textiles basée sur la technologie WASTEX et le partenariat avec COLEO. Ce pilote dispose de la capacité industrielle et organisationnelle des membres de RECYCL&#039;Occ Textile." />
<meta property="og:url" content="https://interreg-sudoe.eu/fr/piloto-proyecto-27/pilote-metier-et-technologique-en-france/" />
<meta property="og:site_name" content="Interreg Sudoe" />
<meta property="article:publisher" content="https://www.facebook.com/interregsudoe" />
<meta property="article:modified_time" content="2026-02-19T15:18:39+00:00" />
<meta property="og:image" content="https://interreg-sudoe.eu/wp-content/uploads/2024/03/download.png" />
	<meta property="og:image:width" content="344" />
	<meta property="og:image:height" content="147" />
	<meta property="og:image:type" content="image/png" />
<meta name="twitter:card" content="summary_large_image" />
<meta name="twitter:site" content="@Sudoe5" />
<script type="application/ld+json" class="yoast-schema-graph">{"@context":"https://schema.org","@graph":[{"@type":"WebPage","@id":"https://interreg-sudoe.eu/fr/piloto-proyecto-27/pilote-metier-et-technologique-en-france/","url":"https://interreg-sudoe.eu/fr/piloto-proyecto-27/pilote-metier-et-technologique-en-france/","name":"Pilote métier et technologique en France - Interreg Sudoe","isPartOf":{"@id":"https://interreg-sudoe.eu/fr/#website"},"datePublished":"2024-05-30T17:05:51+00:00","dateModified":"2026-02-19T15:18:39+00:00","breadcrumb":{"@id":"https://interreg-sudoe.eu/fr/piloto-proyecto-27/pilote-metier-et-technologique-en-france/#breadcrumb"},"inLanguage":"fr-FR","potentialAction":[{"@type":"ReadAction","target":["https://interreg-sudoe.eu/fr/piloto-proyecto-27/pilote-metier-et-technologique-en-france/"]}]},{"@type":"BreadcrumbList","@id":"https://interreg-sudoe.eu/fr/piloto-proyecto-27/pilote-metier-et-technologique-en-france/#breadcrumb","itemListElement":[{"@type":"ListItem","position":1,"name":"Home","item":"https://interreg-sudoe.eu/fr/"},{"@type":"ListItem","position":2,"name":"Pilote métier et technologique en France"}]},{"@type":"WebSite","@id":"https://interreg-sudoe.eu/fr/#website","url":"https://interreg-sudoe.eu/fr/","name":"Interreg Sudoe","description":"Interreg Sudoe","publisher":{"@id":"https://interreg-sudoe.eu/fr/#organization"},"alternateName":"Interreg Sudoe","potentialAction":[{"@type":"SearchAction","target":{"@type":"EntryPoint","urlTemplate":"https://interreg-sudoe.eu/fr/?s={search_term_string}"},"query-input":{"@type":"PropertyValueSpecification","valueRequired":true,"valueName":"search_term_string"}}],"inLanguage":"fr-FR"},{"@type":"Organization","@id":"https://interreg-sudoe.eu/fr/#organization","name":"Interreg Sudoe","alternateName":"Interreg Sudoe","url":"https://interreg-sudoe.eu/fr/","logo":{"@type":"ImageObject","inLanguage":"fr-FR","@id":"https://interreg-sudoe.eu/fr/#/schema/logo/image/","url":"https://interreg-sudoe.eu/wp-content/uploads/2024/03/logo-interreg.png","contentUrl":"https://interreg-sudoe.eu/wp-content/uploads/2024/03/logo-interreg.png","width":1200,"height":675,"caption":"Interreg Sudoe"},"image":{"@id":"https://interreg-sudoe.eu/fr/#/schema/logo/image/"},"sameAs":["https://www.facebook.com/interregsudoe","https://x.com/Sudoe5","https://www.youtube.com/channel/UCeGx2edoB32beRc9dbKA2vw","https://www.linkedin.com/company/interreg-sudoe-programme/","https://www.flickr.com/photos/148704685@N06/"]}]}</script>
<!-- / Yoast SEO plugin. -->

Pilote métier et technologique en France - Interreg Sudoe

Solution industrielle globale de recyclage des déchets textiles basée sur la technologie WASTEX et le partenariat avec COLEO. Ce pilote dispose de la capacité industrielle et organisationnelle des membres de RECYCL'Occ Textile.
