{"version":"1.0","provider_name":"Interreg Sudoe","provider_url":"https:\/\/interreg-sudoe.eu\/pt-pt\/","author_name":"Laurie Gr\u00e9goire","author_url":"https:\/\/interreg-sudoe.eu\/pt-pt\/author\/comatlas\/","title":"Em retrospetiva - Interreg Sudoe","type":"rich","width":600,"height":338,"html":"<blockquote class=\"wp-embedded-content\" data-secret=\"m3YQ3p0tQJ\"><a href=\"https:\/\/interreg-sudoe.eu\/pt-pt\/noticia-proyecto\/en-retrospectiva\/\">Em retrospetiva<\/a><\/blockquote><iframe sandbox=\"allow-scripts\" security=\"restricted\" src=\"https:\/\/interreg-sudoe.eu\/pt-pt\/noticia-proyecto\/en-retrospectiva\/embed\/#?secret=m3YQ3p0tQJ\" width=\"600\" height=\"338\" title=\"&#8220;Em retrospetiva&#8221; &#8212; Interreg Sudoe\" data-secret=\"m3YQ3p0tQJ\" frameborder=\"0\" marginwidth=\"0\" marginheight=\"0\" scrolling=\"no\" class=\"wp-embedded-content\"><\/iframe><script>\n\/*! This file is auto-generated *\/\n!function(d,l){\"use strict\";l.querySelector&&d.addEventListener&&\"undefined\"!=typeof URL&&(d.wp=d.wp||{},d.wp.receiveEmbedMessage||(d.wp.receiveEmbedMessage=function(e){var t=e.data;if((t||t.secret||t.message||t.value)&&!\/[^a-zA-Z0-9]\/.test(t.secret)){for(var s,r,n,a=l.querySelectorAll('iframe[data-secret=\"'+t.secret+'\"]'),o=l.querySelectorAll('blockquote[data-secret=\"'+t.secret+'\"]'),c=new RegExp(\"^https?:$\",\"i\"),i=0;i<o.length;i++)o[i].style.display=\"none\";for(i=0;i<a.length;i++)s=a[i],e.source===s.contentWindow&&(s.removeAttribute(\"style\"),\"height\"===t.message?(1e3<(r=parseInt(t.value,10))?r=1e3:~~r<200&&(r=200),s.height=r):\"link\"===t.message&&(r=new URL(s.getAttribute(\"src\")),n=new URL(t.value),c.test(n.protocol))&&n.host===r.host&&l.activeElement===s&&(d.top.location.href=t.value))}},d.addEventListener(\"message\",d.wp.receiveEmbedMessage,!1),l.addEventListener(\"DOMContentLoaded\",function(){for(var e,t,s=l.querySelectorAll(\"iframe.wp-embedded-content\"),r=0;r<s.length;r++)(t=(e=s[r]).getAttribute(\"data-secret\"))||(t=Math.random().toString(36).substring(2,12),e.src+=\"#?secret=\"+t,e.setAttribute(\"data-secret\",t)),e.contentWindow.postMessage({message:\"ready\",secret:t},\"*\")},!1)))}(window,document);\n\/\/# sourceURL=https:\/\/interreg-sudoe.eu\/wp-includes\/js\/wp-embed.min.js\n<\/script>\n","thumbnail_url":"https:\/\/interreg-sudoe.eu\/wp-content\/uploads\/2026\/03\/Visite-Le-Battement-d_ailes-.jpg","thumbnail_width":1024,"thumbnail_height":576,"description":"O aumento da precariedade alimentar, a infla\u00e7\u00e3o dos produtos de primeira necessidade e a crise do mundo agr\u00edcola colocam a alimenta\u00e7\u00e3o no centro das preocupa\u00e7\u00f5es das pol\u00edticas p\u00fablicas, mas tamb\u00e9m dos cidad\u00e3os. H\u00e1 v\u00e1rios anos que os terceiros locais se apropriaram das quest\u00f5es agr\u00edcolas e alimentares. Estas reflex\u00f5es s\u00e3o partilhadas por numerosas estruturas, observadas, analisadas, [&hellip;]"}

Laurie Grégoire

O aumento da precariedade alimentar, a inflação dos produtos de primeira necessidade e a crise do mundo agrícola colocam a alimentação no centro das preocupações das políticas públicas, mas também dos cidadãos. Há vários anos que os terceiros locais se apropriaram das questões agrícolas e alimentares. Estas reflexões são partilhadas por numerosas estruturas, observadas, analisadas, [&hellip;]
