{"id":45226,"date":"2025-03-07T13:49:07","date_gmt":"2025-03-07T12:49:07","guid":{"rendered":"https:\/\/interreg-sudoe.eu\/?post_type=evento-proyecto&#038;p=45226"},"modified":"2025-03-07T13:59:02","modified_gmt":"2025-03-07T12:59:02","slug":"segundo-encontro-presencial-do-consorcio-target-em-granollers","status":"publish","type":"evento-proyecto","link":"https:\/\/interreg-sudoe.eu\/pt-pt\/evento-proyecto\/segundo-encontro-presencial-do-consorcio-target-em-granollers\/","title":{"rendered":"Segundo Encontro Presencial do Cons\u00f3rcio TARGET em Granollers"},"content":{"rendered":"<div class=\"dad65929\">\n<div class=\"f9bf7997 d7dc56a8 c05b5566\">\n<div class=\"ds-markdown ds-markdown--block\">\n<h2>Segundo Encontro Presencial do Cons\u00f3rcio TARGET em Granollers<\/h2>\n<p>O projeto TARGET &#8211; Estrat\u00e9gia Territorial para a Escassez de \u00c1gua, cofinanciado pelo Programa Interreg Sudoe atrav\u00e9s do Fundo Europeu de Desenvolvimento Regional (FEDER), se reunir\u00e1 na cidade de Granollers. Durante esses dias, ser\u00e3o apresentados os desafios e solu\u00e7\u00f5es para o problema da seca, acompanhados de diversas atividades para divulgar e compartilhar as informa\u00e7\u00f5es obtidas. Tamb\u00e9m haver\u00e1 visitas para ver em primeira m\u00e3o a implementa\u00e7\u00e3o das t\u00e9cnicas desenvolvidas.<\/p>\n<\/div>\n<\/div>\n<\/div>\n","protected":false},"author":5125,"featured_media":45221,"template":"","meta":{"_acf_changed":false,"content-type":"","_monsterinsights_skip_tracking":false,"_monsterinsights_sitenote_active":false,"_monsterinsights_sitenote_note":"","_monsterinsights_sitenote_category":0},"class_list":["post-45226","evento-proyecto","type-evento-proyecto","status-publish","has-post-thumbnail","hentry"],"acf":[],"yoast_head":"<!-- This site is optimized with the Yoast SEO plugin v27.4 - https:\/\/yoast.com\/product\/yoast-seo-wordpress\/ -->\n<title>Segundo Encontro Presencial do Cons\u00f3rcio TARGET em Granollers - Interreg Sudoe<\/title>\n<meta name=\"robots\" content=\"index, follow, max-snippet:-1, max-image-preview:large, max-video-preview:-1\" \/>\n<link rel=\"canonical\" href=\"https:\/\/interreg-sudoe.eu\/pt-pt\/evento-proyecto\/segundo-encontro-presencial-do-consorcio-target-em-granollers\/\" \/>\n<meta property=\"og:locale\" content=\"pt_PT\" \/>\n<meta property=\"og:type\" content=\"article\" \/>\n<meta property=\"og:title\" content=\"Segundo Encontro Presencial do Cons\u00f3rcio TARGET em Granollers - Interreg Sudoe\" \/>\n<meta property=\"og:description\" content=\"Segundo Encontro Presencial do Cons\u00f3rcio TARGET em Granollers O projeto TARGET &#8211; Estrat\u00e9gia Territorial para a Escassez de \u00c1gua, cofinanciado pelo Programa Interreg Sudoe atrav\u00e9s do Fundo Europeu de Desenvolvimento Regional (FEDER), se reunir\u00e1 na cidade de Granollers. Durante esses dias, ser\u00e3o apresentados os desafios e solu\u00e7\u00f5es para o problema da seca, acompanhados de diversas [&hellip;]\" \/>\n<meta property=\"og:url\" content=\"https:\/\/interreg-sudoe.eu\/pt-pt\/evento-proyecto\/segundo-encontro-presencial-do-consorcio-target-em-granollers\/\" \/>\n<meta property=\"og:site_name\" content=\"Interreg Sudoe\" \/>\n<meta property=\"article:publisher\" content=\"https:\/\/www.facebook.com\/interregsudoe\" \/>\n<meta property=\"article:modified_time\" content=\"2025-03-07T12:59:02+00:00\" \/>\n<meta property=\"og:image\" content=\"https:\/\/interreg-sudoe.eu\/wp-content\/uploads\/2025\/03\/granollers.png\" \/>\n\t<meta property=\"og:image:width\" content=\"410\" \/>\n\t<meta property=\"og:image:height\" content=\"389\" \/>\n\t<meta property=\"og:image:type\" content=\"image\/png\" \/>\n<meta name=\"twitter:card\" content=\"summary_large_image\" \/>\n<meta name=\"twitter:site\" content=\"@Sudoe5\" \/>\n<script type=\"application\/ld+json\" class=\"yoast-schema-graph\">{\"@context\":\"https:\\\/\\\/schema.org\",\"@graph\":[{\"@type\":\"WebPage\",\"@id\":\"https:\\\/\\\/interreg-sudoe.eu\\\/pt-pt\\\/evento-proyecto\\\/segundo-encontro-presencial-do-consorcio-target-em-granollers\\\/\",\"url\":\"https:\\\/\\\/interreg-sudoe.eu\\\/pt-pt\\\/evento-proyecto\\\/segundo-encontro-presencial-do-consorcio-target-em-granollers\\\/\",\"name\":\"Segundo Encontro Presencial do Cons\u00f3rcio TARGET em Granollers - Interreg Sudoe\",\"isPartOf\":{\"@id\":\"https:\\\/\\\/interreg-sudoe.eu\\\/pt-pt\\\/#website\"},\"primaryImageOfPage\":{\"@id\":\"https:\\\/\\\/interreg-sudoe.eu\\\/pt-pt\\\/evento-proyecto\\\/segundo-encontro-presencial-do-consorcio-target-em-granollers\\\/#primaryimage\"},\"image\":{\"@id\":\"https:\\\/\\\/interreg-sudoe.eu\\\/pt-pt\\\/evento-proyecto\\\/segundo-encontro-presencial-do-consorcio-target-em-granollers\\\/#primaryimage\"},\"thumbnailUrl\":\"https:\\\/\\\/interreg-sudoe.eu\\\/wp-content\\\/uploads\\\/2025\\\/03\\\/granollers.png\",\"datePublished\":\"2025-03-07T12:49:07+00:00\",\"dateModified\":\"2025-03-07T12:59:02+00:00\",\"breadcrumb\":{\"@id\":\"https:\\\/\\\/interreg-sudoe.eu\\\/pt-pt\\\/evento-proyecto\\\/segundo-encontro-presencial-do-consorcio-target-em-granollers\\\/#breadcrumb\"},\"inLanguage\":\"pt-PT\",\"potentialAction\":[{\"@type\":\"ReadAction\",\"target\":[\"https:\\\/\\\/interreg-sudoe.eu\\\/pt-pt\\\/evento-proyecto\\\/segundo-encontro-presencial-do-consorcio-target-em-granollers\\\/\"]}]},{\"@type\":\"ImageObject\",\"inLanguage\":\"pt-PT\",\"@id\":\"https:\\\/\\\/interreg-sudoe.eu\\\/pt-pt\\\/evento-proyecto\\\/segundo-encontro-presencial-do-consorcio-target-em-granollers\\\/#primaryimage\",\"url\":\"https:\\\/\\\/interreg-sudoe.eu\\\/wp-content\\\/uploads\\\/2025\\\/03\\\/granollers.png\",\"contentUrl\":\"https:\\\/\\\/interreg-sudoe.eu\\\/wp-content\\\/uploads\\\/2025\\\/03\\\/granollers.png\",\"width\":410,\"height\":389},{\"@type\":\"BreadcrumbList\",\"@id\":\"https:\\\/\\\/interreg-sudoe.eu\\\/pt-pt\\\/evento-proyecto\\\/segundo-encontro-presencial-do-consorcio-target-em-granollers\\\/#breadcrumb\",\"itemListElement\":[{\"@type\":\"ListItem\",\"position\":1,\"name\":\"Home\",\"item\":\"https:\\\/\\\/interreg-sudoe.eu\\\/pt-pt\\\/\"},{\"@type\":\"ListItem\",\"position\":2,\"name\":\"Segundo Encontro Presencial do Cons\u00f3rcio TARGET em Granollers\"}]},{\"@type\":\"WebSite\",\"@id\":\"https:\\\/\\\/interreg-sudoe.eu\\\/pt-pt\\\/#website\",\"url\":\"https:\\\/\\\/interreg-sudoe.eu\\\/pt-pt\\\/\",\"name\":\"Interreg Sudoe\",\"description\":\"Interreg Sudoe\",\"publisher\":{\"@id\":\"https:\\\/\\\/interreg-sudoe.eu\\\/pt-pt\\\/#organization\"},\"alternateName\":\"Interreg Sudoe\",\"potentialAction\":[{\"@type\":\"SearchAction\",\"target\":{\"@type\":\"EntryPoint\",\"urlTemplate\":\"https:\\\/\\\/interreg-sudoe.eu\\\/pt-pt\\\/?s={search_term_string}\"},\"query-input\":{\"@type\":\"PropertyValueSpecification\",\"valueRequired\":true,\"valueName\":\"search_term_string\"}}],\"inLanguage\":\"pt-PT\"},{\"@type\":\"Organization\",\"@id\":\"https:\\\/\\\/interreg-sudoe.eu\\\/pt-pt\\\/#organization\",\"name\":\"Interreg Sudoe\",\"alternateName\":\"Interreg Sudoe\",\"url\":\"https:\\\/\\\/interreg-sudoe.eu\\\/pt-pt\\\/\",\"logo\":{\"@type\":\"ImageObject\",\"inLanguage\":\"pt-PT\",\"@id\":\"https:\\\/\\\/interreg-sudoe.eu\\\/pt-pt\\\/#\\\/schema\\\/logo\\\/image\\\/\",\"url\":\"https:\\\/\\\/interreg-sudoe.eu\\\/wp-content\\\/uploads\\\/2024\\\/03\\\/logo-interreg.png\",\"contentUrl\":\"https:\\\/\\\/interreg-sudoe.eu\\\/wp-content\\\/uploads\\\/2024\\\/03\\\/logo-interreg.png\",\"width\":1200,\"height\":675,\"caption\":\"Interreg Sudoe\"},\"image\":{\"@id\":\"https:\\\/\\\/interreg-sudoe.eu\\\/pt-pt\\\/#\\\/schema\\\/logo\\\/image\\\/\"},\"sameAs\":[\"https:\\\/\\\/www.facebook.com\\\/interregsudoe\",\"https:\\\/\\\/x.com\\\/Sudoe5\",\"https:\\\/\\\/www.youtube.com\\\/channel\\\/UCeGx2edoB32beRc9dbKA2vw\",\"https:\\\/\\\/www.linkedin.com\\\/company\\\/interreg-sudoe-programme\\\/\",\"https:\\\/\\\/www.flickr.com\\\/photos\\\/148704685@N06\\\/\"]}]}<\/script>\n<!-- \/ Yoast SEO plugin. -->","yoast_head_json":{"title":"Segundo Encontro Presencial do Cons\u00f3rcio TARGET em Granollers - Interreg Sudoe","robots":{"index":"index","follow":"follow","max-snippet":"max-snippet:-1","max-image-preview":"max-image-preview:large","max-video-preview":"max-video-preview:-1"},"canonical":"https:\/\/interreg-sudoe.eu\/pt-pt\/evento-proyecto\/segundo-encontro-presencial-do-consorcio-target-em-granollers\/","og_locale":"pt_PT","og_type":"article","og_title":"Segundo Encontro Presencial do Cons\u00f3rcio TARGET em Granollers - Interreg Sudoe","og_description":"Segundo Encontro Presencial do Cons\u00f3rcio TARGET em Granollers O projeto TARGET &#8211; Estrat\u00e9gia Territorial para a Escassez de \u00c1gua, cofinanciado pelo Programa Interreg Sudoe atrav\u00e9s do Fundo Europeu de Desenvolvimento Regional (FEDER), se reunir\u00e1 na cidade de Granollers. Durante esses dias, ser\u00e3o apresentados os desafios e solu\u00e7\u00f5es para o problema da seca, acompanhados de diversas [&hellip;]","og_url":"https:\/\/interreg-sudoe.eu\/pt-pt\/evento-proyecto\/segundo-encontro-presencial-do-consorcio-target-em-granollers\/","og_site_name":"Interreg Sudoe","article_publisher":"https:\/\/www.facebook.com\/interregsudoe","article_modified_time":"2025-03-07T12:59:02+00:00","og_image":[{"width":410,"height":389,"url":"https:\/\/interreg-sudoe.eu\/wp-content\/uploads\/2025\/03\/granollers.png","type":"image\/png"}],"twitter_card":"summary_large_image","twitter_site":"@Sudoe5","schema":{"@context":"https:\/\/schema.org","@graph":[{"@type":"WebPage","@id":"https:\/\/interreg-sudoe.eu\/pt-pt\/evento-proyecto\/segundo-encontro-presencial-do-consorcio-target-em-granollers\/","url":"https:\/\/interreg-sudoe.eu\/pt-pt\/evento-proyecto\/segundo-encontro-presencial-do-consorcio-target-em-granollers\/","name":"Segundo Encontro Presencial do Cons\u00f3rcio TARGET em Granollers - Interreg Sudoe","isPartOf":{"@id":"https:\/\/interreg-sudoe.eu\/pt-pt\/#website"},"primaryImageOfPage":{"@id":"https:\/\/interreg-sudoe.eu\/pt-pt\/evento-proyecto\/segundo-encontro-presencial-do-consorcio-target-em-granollers\/#primaryimage"},"image":{"@id":"https:\/\/interreg-sudoe.eu\/pt-pt\/evento-proyecto\/segundo-encontro-presencial-do-consorcio-target-em-granollers\/#primaryimage"},"thumbnailUrl":"https:\/\/interreg-sudoe.eu\/wp-content\/uploads\/2025\/03\/granollers.png","datePublished":"2025-03-07T12:49:07+00:00","dateModified":"2025-03-07T12:59:02+00:00","breadcrumb":{"@id":"https:\/\/interreg-sudoe.eu\/pt-pt\/evento-proyecto\/segundo-encontro-presencial-do-consorcio-target-em-granollers\/#breadcrumb"},"inLanguage":"pt-PT","potentialAction":[{"@type":"ReadAction","target":["https:\/\/interreg-sudoe.eu\/pt-pt\/evento-proyecto\/segundo-encontro-presencial-do-consorcio-target-em-granollers\/"]}]},{"@type":"ImageObject","inLanguage":"pt-PT","@id":"https:\/\/interreg-sudoe.eu\/pt-pt\/evento-proyecto\/segundo-encontro-presencial-do-consorcio-target-em-granollers\/#primaryimage","url":"https:\/\/interreg-sudoe.eu\/wp-content\/uploads\/2025\/03\/granollers.png","contentUrl":"https:\/\/interreg-sudoe.eu\/wp-content\/uploads\/2025\/03\/granollers.png","width":410,"height":389},{"@type":"BreadcrumbList","@id":"https:\/\/interreg-sudoe.eu\/pt-pt\/evento-proyecto\/segundo-encontro-presencial-do-consorcio-target-em-granollers\/#breadcrumb","itemListElement":[{"@type":"ListItem","position":1,"name":"Home","item":"https:\/\/interreg-sudoe.eu\/pt-pt\/"},{"@type":"ListItem","position":2,"name":"Segundo Encontro Presencial do Cons\u00f3rcio TARGET em Granollers"}]},{"@type":"WebSite","@id":"https:\/\/interreg-sudoe.eu\/pt-pt\/#website","url":"https:\/\/interreg-sudoe.eu\/pt-pt\/","name":"Interreg Sudoe","description":"Interreg Sudoe","publisher":{"@id":"https:\/\/interreg-sudoe.eu\/pt-pt\/#organization"},"alternateName":"Interreg Sudoe","potentialAction":[{"@type":"SearchAction","target":{"@type":"EntryPoint","urlTemplate":"https:\/\/interreg-sudoe.eu\/pt-pt\/?s={search_term_string}"},"query-input":{"@type":"PropertyValueSpecification","valueRequired":true,"valueName":"search_term_string"}}],"inLanguage":"pt-PT"},{"@type":"Organization","@id":"https:\/\/interreg-sudoe.eu\/pt-pt\/#organization","name":"Interreg Sudoe","alternateName":"Interreg Sudoe","url":"https:\/\/interreg-sudoe.eu\/pt-pt\/","logo":{"@type":"ImageObject","inLanguage":"pt-PT","@id":"https:\/\/interreg-sudoe.eu\/pt-pt\/#\/schema\/logo\/image\/","url":"https:\/\/interreg-sudoe.eu\/wp-content\/uploads\/2024\/03\/logo-interreg.png","contentUrl":"https:\/\/interreg-sudoe.eu\/wp-content\/uploads\/2024\/03\/logo-interreg.png","width":1200,"height":675,"caption":"Interreg Sudoe"},"image":{"@id":"https:\/\/interreg-sudoe.eu\/pt-pt\/#\/schema\/logo\/image\/"},"sameAs":["https:\/\/www.facebook.com\/interregsudoe","https:\/\/x.com\/Sudoe5","https:\/\/www.youtube.com\/channel\/UCeGx2edoB32beRc9dbKA2vw","https:\/\/www.linkedin.com\/company\/interreg-sudoe-programme\/","https:\/\/www.flickr.com\/photos\/148704685@N06\/"]}]}},"_links":{"self":[{"href":"https:\/\/interreg-sudoe.eu\/pt-pt\/wp-json\/wp\/v2\/evento-proyecto\/45226","targetHints":{"allow":["GET"]}}],"collection":[{"href":"https:\/\/interreg-sudoe.eu\/pt-pt\/wp-json\/wp\/v2\/evento-proyecto"}],"about":[{"href":"https:\/\/interreg-sudoe.eu\/pt-pt\/wp-json\/wp\/v2\/types\/evento-proyecto"}],"author":[{"embeddable":true,"href":"https:\/\/interreg-sudoe.eu\/pt-pt\/wp-json\/wp\/v2\/users\/5125"}],"wp:featuredmedia":[{"embeddable":true,"href":"https:\/\/interreg-sudoe.eu\/pt-pt\/wp-json\/wp\/v2\/media\/45221"}],"wp:attachment":[{"href":"https:\/\/interreg-sudoe.eu\/pt-pt\/wp-json\/wp\/v2\/media?parent=45226"}],"curies":[{"name":"wp","href":"https:\/\/api.w.org\/{rel}","templated":true}]}}

Segundo Encontro Presencial do Consórcio TARGET em Granollers

<div class="dad65929">
<div class="f9bf7997 d7dc56a8 c05b5566">
<div class="ds-markdown ds-markdown--block">
<h2>Segundo Encontro Presencial do Consórcio TARGET em Granollers</h2>
<p>O projeto TARGET &#8211; Estratégia Territorial para a Escassez de Água, cofinanciado pelo Programa Interreg Sudoe através do Fundo Europeu de Desenvolvimento Regional (FEDER), se reunirá na cidade de Granollers. Durante esses dias, serão apresentados os desafios e soluções para o problema da seca, acompanhados de diversas atividades para divulgar e compartilhar as informações obtidas. Também haverá visitas para ver em primeira mão a implementação das técnicas desenvolvidas.</p>
</div>
</div>
</div>

<!-- This site is optimized with the Yoast SEO plugin v27.4 - https://yoast.com/product/yoast-seo-wordpress/ -->
<title>Segundo Encontro Presencial do Consórcio TARGET em Granollers - Interreg Sudoe</title>
<meta name="robots" content="index, follow, max-snippet:-1, max-image-preview:large, max-video-preview:-1" />
<link rel="canonical" href="https://interreg-sudoe.eu/pt-pt/evento-proyecto/segundo-encontro-presencial-do-consorcio-target-em-granollers/" />
<meta property="og:locale" content="pt_PT" />
<meta property="og:type" content="article" />
<meta property="og:title" content="Segundo Encontro Presencial do Consórcio TARGET em Granollers - Interreg Sudoe" />
<meta property="og:description" content="Segundo Encontro Presencial do Consórcio TARGET em Granollers O projeto TARGET &#8211; Estratégia Territorial para a Escassez de Água, cofinanciado pelo Programa Interreg Sudoe através do Fundo Europeu de Desenvolvimento Regional (FEDER), se reunirá na cidade de Granollers. Durante esses dias, serão apresentados os desafios e soluções para o problema da seca, acompanhados de diversas [&hellip;]" />
<meta property="og:url" content="https://interreg-sudoe.eu/pt-pt/evento-proyecto/segundo-encontro-presencial-do-consorcio-target-em-granollers/" />
<meta property="og:site_name" content="Interreg Sudoe" />
<meta property="article:publisher" content="https://www.facebook.com/interregsudoe" />
<meta property="article:modified_time" content="2025-03-07T12:59:02+00:00" />
<meta property="og:image" content="https://interreg-sudoe.eu/wp-content/uploads/2025/03/granollers.png" />
	<meta property="og:image:width" content="410" />
	<meta property="og:image:height" content="389" />
	<meta property="og:image:type" content="image/png" />
<meta name="twitter:card" content="summary_large_image" />
<meta name="twitter:site" content="@Sudoe5" />
<script type="application/ld+json" class="yoast-schema-graph">{"@context":"https:\/\/schema.org","@graph":[{"@type":"WebPage","@id":"https:\/\/interreg-sudoe.eu\/pt-pt\/evento-proyecto\/segundo-encontro-presencial-do-consorcio-target-em-granollers\/","url":"https:\/\/interreg-sudoe.eu\/pt-pt\/evento-proyecto\/segundo-encontro-presencial-do-consorcio-target-em-granollers\/","name":"Segundo Encontro Presencial do Consórcio TARGET em Granollers - Interreg Sudoe","isPartOf":{"@id":"https:\/\/interreg-sudoe.eu\/pt-pt\/#website"},"primaryImageOfPage":{"@id":"https:\/\/interreg-sudoe.eu\/pt-pt\/evento-proyecto\/segundo-encontro-presencial-do-consorcio-target-em-granollers\/#primaryimage"},"image":{"@id":"https:\/\/interreg-sudoe.eu\/pt-pt\/evento-proyecto\/segundo-encontro-presencial-do-consorcio-target-em-granollers\/#primaryimage"},"thumbnailUrl":"https:\/\/interreg-sudoe.eu\/wp-content\/uploads\/2025\/03\/granollers.png","datePublished":"2025-03-07T12:49:07+00:00","dateModified":"2025-03-07T12:59:02+00:00","breadcrumb":{"@id":"https:\/\/interreg-sudoe.eu\/pt-pt\/evento-proyecto\/segundo-encontro-presencial-do-consorcio-target-em-granollers\/#breadcrumb"},"inLanguage":"pt-PT","potentialAction":[{"@type":"ReadAction","target":["https:\/\/interreg-sudoe.eu\/pt-pt\/evento-proyecto\/segundo-encontro-presencial-do-consorcio-target-em-granollers\/"]}]},{"@type":"ImageObject","inLanguage":"pt-PT","@id":"https:\/\/interreg-sudoe.eu\/pt-pt\/evento-proyecto\/segundo-encontro-presencial-do-consorcio-target-em-granollers\/#primaryimage","url":"https:\/\/interreg-sudoe.eu\/wp-content\/uploads\/2025\/03\/granollers.png","contentUrl":"https:\/\/interreg-sudoe.eu\/wp-content\/uploads\/2025\/03\/granollers.png","width":410,"height":389},{"@type":"BreadcrumbList","@id":"https:\/\/interreg-sudoe.eu\/pt-pt\/evento-proyecto\/segundo-encontro-presencial-do-consorcio-target-em-granollers\/#breadcrumb","itemListElement":[{"@type":"ListItem","position":1,"name":"Home","item":"https:\/\/interreg-sudoe.eu\/pt-pt\/"},{"@type":"ListItem","position":2,"name":"Segundo Encontro Presencial do Consórcio TARGET em Granollers"}]},{"@type":"WebSite","@id":"https:\/\/interreg-sudoe.eu\/pt-pt\/#website","url":"https:\/\/interreg-sudoe.eu\/pt-pt\/","name":"Interreg Sudoe","description":"Interreg Sudoe","publisher":{"@id":"https:\/\/interreg-sudoe.eu\/pt-pt\/#organization"},"alternateName":"Interreg Sudoe","potentialAction":[{"@type":"SearchAction","target":{"@type":"EntryPoint","urlTemplate":"https:\/\/interreg-sudoe.eu\/pt-pt\/?s={search_term_string}"},"query-input":{"@type":"PropertyValueSpecification","valueRequired":true,"valueName":"search_term_string"}}],"inLanguage":"pt-PT"},{"@type":"Organization","@id":"https:\/\/interreg-sudoe.eu\/pt-pt\/#organization","name":"Interreg Sudoe","alternateName":"Interreg Sudoe","url":"https:\/\/interreg-sudoe.eu\/pt-pt\/","logo":{"@type":"ImageObject","inLanguage":"pt-PT","@id":"https:\/\/interreg-sudoe.eu\/pt-pt\/#\/schema\/logo\/image\/","url":"https:\/\/interreg-sudoe.eu\/wp-content\/uploads\/2024\/03\/logo-interreg.png","contentUrl":"https:\/\/interreg-sudoe.eu\/wp-content\/uploads\/2024\/03\/logo-interreg.png","width":1200,"height":675,"caption":"Interreg Sudoe"},"image":{"@id":"https:\/\/interreg-sudoe.eu\/pt-pt\/#\/schema\/logo\/image\/"},"sameAs":["https:\/\/www.facebook.com\/interregsudoe","https:\/\/x.com\/Sudoe5","https:\/\/www.youtube.com\/channel\/UCeGx2edoB32beRc9dbKA2vw","https:\/\/www.linkedin.com\/company\/interreg-sudoe-programme\/","https:\/\/www.flickr.com\/photos\/148704685@N06\/"]}]}</script>
<!-- / Yoast SEO plugin. -->

Segundo Encontro Presencial do Consórcio TARGET em Granollers - Interreg Sudoe

Segundo Encontro Presencial do Consórcio TARGET em Granollers O projeto TARGET &#8211; Estratégia Territorial para a Escassez de Água, cofinanciado pelo Programa Interreg Sudoe através do Fundo Europeu de Desenvolvimento Regional (FEDER), se reunirá na cidade de Granollers. Durante esses dias, serão apresentados os desafios e soluções para o problema da seca, acompanhados de diversas [&hellip;]
